0)/(-12)). Suppose 3*q + k = -m, q + 67 + 100 = 4*m. Let a = 86 - q. Is a a composite number?
False
Suppose 0 = 3*s + 4*q - 11851, -2*q + 24735 = 5*s + 4960. Is s a prime number?
False
Is (-540 - -7)*(-4 - -3) prime?
False
Let u(t) = -3*t**2 - 11*t + 11. Let a(q) = -4*q**2 - 10*q + 10. Suppose 22*w - 21*w = 3. Let n(m) = w*u(m) - 2*a(m). Is n(-9) a composite number?
True
Let p = 976 - 340. Let z be 2/8 + (14619/(-44) - 3). Let x = z + p. Is x composite?
True
Let v(i) = -111*i**2 - 13*i - 13. Let c(z) = -28*z**2 - 3*z - 3. Let t(d) = -9*c(d) + 2*v(d). Let b be 1 + (-6)/2*1. Is t(b) a prime number?
False
Let c be (-6)/4*(-40)/12. Suppose -7*k + c*k + 1382 = 0. Is k prime?
True
Suppose -2*v + 2766 = 2*q - 314, -5*v - 2*q = -7685. Is v a composite number?
True
Is (-7 + 8)/((-1)/(-853)) composite?
False
Let g(k) be the second derivative of -35*k**3/2 - k**2/2 - 11*k. Is g(-4) prime?
True
Suppose 88 = 3*q - 1391. Is q a composite number?
True
Let x(c) = 1 + 7*c - c**3 - 11*c**2 - 2*c - 5*c. Is x(-12) a prime number?
False
Suppose -94*d + 80*d = -117866. Is d a prime number?
True
Let g = 71 + -70. Is 2469 + 31 - (-1 - -4)*g composite?
True
Let f be ((-14)/4)/((-2)/1468). Let g = f - 1662. Is g a composite number?
False
Let q(d) = d**3 - 4*d**2 + 2*d - 3. Let r be q(3). Let o be (-282)/(-30) + r/(-10). Suppose -3*t + 26 - o = -2*y, -2 = -2*y. Is t prime?
False
Suppose -z - 2 = -5. Is (1 - 7)*(6 + (-325)/z) prime?
False
Suppose -27712 = -5*d - 10887. Is d prime?
False
Let k(w) = 564*w**3 + 3*w**2 - 7*w + 1. Is k(2) a prime number?
False
Suppose -2*k - 3*d + 17 = 0, 0 = -5*k + d - 6*d + 35. Suppose 18*q - k*q - 20426 = 0. Is q a composite number?
False
Let z(u) = 6 + u**2 - 2 + 5 + 8*u. Let b be z(-7). Suppose -b*l - 140 = -6*l. Is l a prime number?
False
Let h = -99 + 139. Is (-2211)/(-5) + h/50 prime?
True
Suppose 3*v = -3*u + 51, 5*u = v + v + 50. Let y be (0 - 5416/(-28))*14. Suppose -16*f = -u*f - y. Is f a composite number?
False
Let i = -8269 - -17802. Is i a composite number?
False
Let b = 3371 + 948. Is b composite?
True
Let w = 147 - 279. Let l = w - -341. Is l composite?
True
Suppose 0 = 37*f - 34*f - 85389. Is f prime?
True
Let x = -89 + -11. Let a = x - -351. Is a a prime number?
True
Let q = 187 - 124. Let o = 153 + -157. Let f = o + q. Is f a composite number?
False
Suppose 2277*a - 2269*a - 585448 = 0. Is a a prime number?
True
Let q(o) = -542*o + 2. Let l be q(-9). Suppose 3*r = -r + l. Suppose -9*x + 13*x - r = 0. Is x prime?
False
Let m = 149 + 144. Let i = 12 + m. Is i a prime number?
False
Let m(c) = 138*c - 14. Let k(j) = -139*j + 15. Let u(r) = -5*k(r) - 4*m(r). Is u(7) a composite number?
True
Suppose 0 = 21*p - 9461 - 10678. Is p prime?
False
Let u(w) = 194*w**2 - 29*w + 16. Is u(5) a composite number?
False
Let b(k) = 524*k**2 - k - 20. Is b(-7) a composite number?
True
Suppose a + 2*p + 0 + 1 = 0, -3*p - 42 = -3*a. Is ((-3805)/15)/((-3)/a) prime?
True
Is 4493/(-2)*2*(-2 - -1) a prime number?
True
Suppose 0 = 5*g - 39 + 19. Is ((-1156)/(-4) + g)*1 a prime number?
True
Let o = 22188 + 7405. Is o composite?
True
Suppose -2*y = 4*t, y + 3*t = 5*y - 33. Let n = y + -4. Suppose h - 21 = -0*a + n*a, 5*a = h - 6. Is h a prime number?
True
Suppose 10*z - 437695 = -5925. Is z prime?
True
Let l(s) = -34*s - 89. Is l(-10) prime?
True
Suppose -2*o - 3*j - 5402 = -15034, -3*o = 4*j - 14447. Is o prime?
True
Suppose 11058 + 43627 = 5*j. Is j composite?
False
Let c be 1/(-5*(-1)/60). Is (2946/24)/(3/c) composite?
False
Suppose 3*a + 5*h - 13278 = 0, 5*a = 4*h + 6927 + 15166. Is a composite?
False
Suppose -2*p + 25876 = v - 42185, -v = 5*p - 68046. Is v a composite number?
False
Let q(t) = t**3 + 9*t**2 + 8*t + 4. Let n be q(-8). Suppose 2*d + 4*p - 459 = -d, -n*d + 593 = -p. Is d composite?
False
Suppose q - 1092 = 5*q + 5*x, 1370 = -5*q - 5*x. Let s be q*(-1)/2 - 2. Suppose -3*u = 5*m - 2*u - 354, 0 = -2*m - 5*u + s. Is m a prime number?
True
Suppose 0 = -f - 3*i - 171, i + i + 506 = -3*f. Let u = 11 - f. Is u composite?
False
Let z(u) = u**2 + 51*u**3 - 6*u - 57*u**3 - 1 - 1. Let l be z(-4). Suppose -i = i - l. Is i prime?
True
Suppose p = 6*p - 2*m - 8, 10 = 3*p + 4*m. Suppose -2*l = 5*t - 34, -2*t + 2 + 2 = 0. Suppose 206 + l = p*o. Is o composite?
False
Suppose 4*l - 2*r + 12 = 4, 0 = -3*l + 4*r - 16. Suppose -y - 4088 = -3*h, -2*y - 2732 = -2*h - l*y. Is h a composite number?
False
Let b(a) be the third derivative of -11*a**4/6 + 43*a**3/6 + 27*a**2. Is b(-6) composite?
False
Let i be (1 + 3)*20/16. Suppose 2*h = -2*j + 4*j - 300, -3*j = -i*h - 452. Is j a composite number?
False
Let z(l) = 24*l**3 - l**2 + l - 4. Let x be z(2). Let n = x - 59. Is n a prime number?
True
Let w(b) = 378*b**2 - 38*b - 59. Is w(14) prime?
False
Let u = 2 + 1. Suppose 4*c + 3*h + 7 = 0, -2*h + u - 17 = -2*c. Suppose 0 = -4*b + 2*o - o + 60, -c*o = 0. Is b a composite number?
True
Suppose -3*w + 2*r = -1247, -818 = -2*w - 2*r + 6*r. Suppose 0 = -2*m - 2*k + 654, 1390 = 3*m + k + w. Suppose -l + 3*l = m. Is l prime?
False
Let c(s) = -14*s - 11. Let g = 1 - 5. Let t be c(g). Suppose 137 = 4*f + t. Is f prime?
True
Let g be 2/3 + 20/(-12). Let j = g + 123. Is j a composite number?
True
Let u be ((-3)/(-2)*11714/(-3))/(-1). Let a = u - 3354. Is a a composite number?
False
Let k(g) = 10*g**2 - 46*g + 5. Is k(-22) prime?
True
Let z be (-74)/(-14) - -2*3/(-21). Is (-5754)/(-5) + z/100*4 a prime number?
True
Let h(f) = 50*f**2 - f - 8. Is h(-7) prime?
False
Let p(k) = -733*k - 9. Let b(c) be the third derivative of 61*c**4/6 + c**3/2 - c**2. Let f(r) = -17*b(r) - 6*p(r). Is f(2) a prime number?
True
Let i(m) = -m**2 - 216. Let r be i(0). Let o = -48 - r. Let s = 499 - o. Is s prime?
True
Let k(j) be the third derivative of j**6/120 - j**5/10 + 5*j**4/24 + 5*j**2. Let x be k(5). Suppose x*p + 111 = 3*p. Is p composite?
False
Suppose 0 = 3*j - 12, 0 = 3*y + 3*j - 35 - 25. Suppose -2*s - 1 = 1. Is s - (y/4 + -190) a composite number?
True
Suppose 4*z - 101300 = 4*y, 6*y - 8 = 4*y. Is z composite?
True
Let n(d) = 2*d**3 - 4*d**2 + 3*d - 2. Let w be n(2). Suppose 2*q - 3*x - 1 = 0, 0 = 3*q - 5*x + w*x - 12. Let z(i) = 20*i - 5. Is z(q) a composite number?
True
Suppose -32*w + 5*w + 30321 = 0. Is w prime?
True
Let c = -9 + 13. Let k(b) = 168*b**2 - 4*b - 8. Let x be k(c). Suppose 2*z + m = 3*m + 1780, 3*z - m = x. Is z a prime number?
True
Is 5/15 + (-243120)/(-72) a composite number?
True
Suppose -20 = -o - 12. Suppose 2*k - 27 = -r, -3*r = -o*r - k + 162. Is r prime?
False
Suppose 6 = 4*m + 3*j, m + 6 = -3*m + 3*j. Is -1 + m - (-340 - 7) a prime number?
False
Let p(x) = -107*x + 11. Let u be p(-8). Let z = u - 476. Is z prime?
False
Suppose -n + 4*m + 4838 = -0*n, 3*m = -4*n + 19409. Suppose -7*c - n + 20747 = 0. Is c a composite number?
True
Let q(u) = u + 5. Let r be q(-14). Let c(m) = -44*m + 5. Let f(h) = -15*h + 2. Let t(w) = 4*c(w) - 11*f(w). Is t(r) prime?
True
Suppose -12 = a - 4*a. Suppose -3*d + a*n = -1781, 3*n + 0*n = -6. Is d a composite number?
True
Suppose 25*r - 23*r = -q + 5869, -14659 = -5*r + 2*q. Is r a prime number?
False
Let k(a) = a - 14. Let m be k(7). Let l(c) be the second derivative of c**4/6 + 5*c**3/6 - 5*c**2 + 3*c. Is l(m) prime?
True
Suppose -10*b - 2762 + 32872 = 0. Is b prime?
True
Suppose 158 = 2*o + 38. Suppose -s = 4*b - 96, -2*s - 113 = -5*b - 5*s. Suppose 2*i + 97 = w, -w + o = i - b. Is w composite?
False
Let x(t) = 2629*t**2 - 5*t - 5. Is x(-1) a composite number?
True
Let k(d) = -d**3 - 20*d**2 - 31*d - 7. Let o(g) = -2*g**3 - 41*g**2 - 61*g - 13. Let h(f) = -5*k(f) + 2*o(f). Is h(-14) a prime number?
True
Is 77896/10 + (-6)/10 composite?
False
Suppose 765 = 5*b - 7930. Is b prime?
False
Suppose -2*v + 76 = -0*v. Suppose -3*r - 2*d + 324 = -v, -2*d = -8. Suppose 3*q - 4*g - r = 0, 0*q - 5*g = q - 71. Is q a prime number?
False
Let w(p) = 1665*p**3 + 6*p**2 - 16*p - 14. Is w(3) a prime number?
False
Suppose 3*i + 12 = -5*q + 1, -2*q = -i + 11. Let m(b) = -b + 1140. Let h be m(0). Is (-1)/(i/(-3 - h)) prime?
False
Let v = 28 + -28. Let z be (-3 + 2)/(1 - v). Let s(p) = -586*p**3 + 2*p**2 - 1. Is s(z) prime?
True
Let z(w) = -3*w**3 + 4*w**2 - 4*w**2 + 3*w + 0*w**2 + 3. Let a be z(3). Let p = 188 + a. Is p prime?
False
Let y(w) 